{"id":24,"date":"2023-05-12T20:30:55","date_gmt":"2023-05-12T20:30:55","guid":{"rendered":"https:\/\/taxi-bader.ch\/?page_id=24"},"modified":"2023-05-19T20:51:56","modified_gmt":"2023-05-19T20:51:56","slug":"accueil","status":"publish","type":"page","link":"https:\/\/taxi-bader.ch\/","title":{"rendered":"Accueil"},"content":{"rendered":"\n<figure class=\"wp-block-image size-large is-resized\"><img loading=\"lazy\" decoding=\"async\" src=\"https:\/\/taxi-bader.ch\/wp-content\/uploads\/2023\/05\/Taxi-image-1024x427.jpg\" alt=\"\" class=\"wp-image-35\" width=\"1180\" height=\"491\" srcset=\"https:\/\/taxi-bader.ch\/wp-content\/uploads\/2023\/05\/Taxi-image-1024x427.jpg 1024w, https:\/\/taxi-bader.ch\/wp-content\/uploads\/2023\/05\/Taxi-image-300x125.jpg 300w, https:\/\/taxi-bader.ch\/wp-content\/uploads\/2023\/05\/Taxi-image-768x320.jpg 768w, https:\/\/taxi-bader.ch\/wp-content\/uploads\/2023\/05\/Taxi-image-1536x640.jpg 1536w, https:\/\/taxi-bader.ch\/wp-content\/uploads\/2023\/05\/Taxi-image-2048x854.jpg 2048w\" sizes=\"auto, (max-width: 1180px) 100vw, 1180px\" \/><\/figure>\n\n\n\n<h2 class=\"wp-block-heading\">Qui Somme-Nous<\/h2>\n\n\n\n<p class=\"wp-block-paragraph\">je suis un artisan taxi, sp\u00e9cialis\u00e9 en Taxi Normal et Taxi Handicap depuis plus de dix ans. Je peux intervenir en toute la Suisse et en particulier dans les r\u00e9gions de Neuchatel : Auvernier, Bevaix, Boudry, Chules, Cressier, Fresens, Gals, Le Chaux-de-Fonds, La t\u00e9ne, Le landeron, Marin-Epagnier, Milvigne, Peseux, Saint-Aubain, Serri\u00e8re, Thielle-wave, Val-de-Ruz, Val-de-traverz, Vaumarcus<\/p>\n\n\n\n<h2 class=\"wp-block-heading\">Nos V\u00e9hicules<\/h2>\n\n\n\n<figure class=\"wp-block-gallery has-nested-images columns-default is-cropped wp-block-gallery-1 is-layout-flex wp-block-gallery-is-layout-flex\">\n<figure class=\"wp-block-image size-large\"><img loading=\"lazy\" decoding=\"async\" width=\"768\" height=\"1024\" data-id=\"58\" src=\"https:\/\/taxi-bader.ch\/wp-content\/uploads\/2023\/05\/1.jpeg\" alt=\"\" class=\"wp-image-58\" srcset=\"https:\/\/taxi-bader.ch\/wp-content\/uploads\/2023\/05\/1.jpeg 768w, https:\/\/taxi-bader.ch\/wp-content\/uploads\/2023\/05\/1-225x300.jpeg 225w\" sizes=\"auto, (max-width: 768px) 100vw, 768px\" \/><\/figure>\n\n\n\n<figure class=\"wp-block-image size-large\"><img loading=\"lazy\" decoding=\"async\" width=\"768\" height=\"1024\" data-id=\"62\" src=\"https:\/\/taxi-bader.ch\/wp-content\/uploads\/2023\/05\/2.jpeg\" alt=\"\" class=\"wp-image-62\" srcset=\"https:\/\/taxi-bader.ch\/wp-content\/uploads\/2023\/05\/2.jpeg 768w, https:\/\/taxi-bader.ch\/wp-content\/uploads\/2023\/05\/2-225x300.jpeg 225w\" sizes=\"auto, (max-width: 768px) 100vw, 768px\" \/><\/figure>\n\n\n\n<figure class=\"wp-block-image size-large\"><img loading=\"lazy\" decoding=\"async\" width=\"768\" height=\"1024\" data-id=\"61\" src=\"https:\/\/taxi-bader.ch\/wp-content\/uploads\/2023\/05\/3.jpeg\" alt=\"\" class=\"wp-image-61\" srcset=\"https:\/\/taxi-bader.ch\/wp-content\/uploads\/2023\/05\/3.jpeg 768w, https:\/\/taxi-bader.ch\/wp-content\/uploads\/2023\/05\/3-225x300.jpeg 225w\" sizes=\"auto, (max-width: 768px) 100vw, 768px\" \/><\/figure>\n\n\n\n<figure class=\"wp-block-image size-large\"><img loading=\"lazy\" decoding=\"async\" width=\"1536\" height=\"2048\" data-id=\"59\" src=\"https:\/\/taxi-bader.ch\/wp-content\/uploads\/2023\/05\/4-768x1024.jpg\" alt=\"\" class=\"wp-image-59\" srcset=\"https:\/\/taxi-bader.ch\/wp-content\/uploads\/2023\/05\/4-768x1024.jpg 768w, https:\/\/taxi-bader.ch\/wp-content\/uploads\/2023\/05\/4-225x300.jpg 225w, https:\/\/taxi-bader.ch\/wp-content\/uploads\/2023\/05\/4-1152x1536.jpg 1152w, https:\/\/taxi-bader.ch\/wp-content\/uploads\/2023\/05\/4.jpg 1536w\" sizes=\"auto, (max-width: 1536px) 100vw, 1536px\" \/><\/figure>\n\n\n\n<figure class=\"wp-block-image size-large\"><img loading=\"lazy\" decoding=\"async\" width=\"768\" height=\"1024\" data-id=\"60\" src=\"https:\/\/taxi-bader.ch\/wp-content\/uploads\/2023\/05\/5-768x1024.jpg\" alt=\"\" class=\"wp-image-60\" srcset=\"https:\/\/taxi-bader.ch\/wp-content\/uploads\/2023\/05\/5-768x1024.jpg 768w, https:\/\/taxi-bader.ch\/wp-content\/uploads\/2023\/05\/5-225x300.jpg 225w, https:\/\/taxi-bader.ch\/wp-content\/uploads\/2023\/05\/5-1152x1536.jpg 1152w, https:\/\/taxi-bader.ch\/wp-content\/uploads\/2023\/05\/5.jpg 1536w\" sizes=\"auto, (max-width: 768px) 100vw, 768px\" \/><\/figure>\n\n\n\n<figure class=\"wp-block-image size-large\"><img loading=\"lazy\" decoding=\"async\" width=\"768\" height=\"1024\" data-id=\"64\" src=\"https:\/\/taxi-bader.ch\/wp-content\/uploads\/2023\/05\/6-768x1024.jpg\" alt=\"\" class=\"wp-image-64\" srcset=\"https:\/\/taxi-bader.ch\/wp-content\/uploads\/2023\/05\/6-768x1024.jpg 768w, https:\/\/taxi-bader.ch\/wp-content\/uploads\/2023\/05\/6-225x300.jpg 225w, https:\/\/taxi-bader.ch\/wp-content\/uploads\/2023\/05\/6-1152x1536.jpg 1152w, https:\/\/taxi-bader.ch\/wp-content\/uploads\/2023\/05\/6.jpg 1536w\" sizes=\"auto, (max-width: 768px) 100vw, 768px\" \/><\/figure>\n\n\n\n<figure class=\"wp-block-image size-large\"><img loading=\"lazy\" decoding=\"async\" width=\"768\" height=\"1024\" data-id=\"65\" src=\"https:\/\/taxi-bader.ch\/wp-content\/uploads\/2023\/05\/7-768x1024.jpg\" alt=\"\" class=\"wp-image-65\" srcset=\"https:\/\/taxi-bader.ch\/wp-content\/uploads\/2023\/05\/7-768x1024.jpg 768w, https:\/\/taxi-bader.ch\/wp-content\/uploads\/2023\/05\/7-225x300.jpg 225w, https:\/\/taxi-bader.ch\/wp-content\/uploads\/2023\/05\/7-1152x1536.jpg 1152w, https:\/\/taxi-bader.ch\/wp-content\/uploads\/2023\/05\/7.jpg 1536w\" sizes=\"auto, (max-width: 768px) 100vw, 768px\" \/><\/figure>\n\n\n\n<figure class=\"wp-block-image size-large\"><img loading=\"lazy\" decoding=\"async\" width=\"768\" height=\"1024\" data-id=\"63\" src=\"https:\/\/taxi-bader.ch\/wp-content\/uploads\/2023\/05\/8.jpeg\" alt=\"\" class=\"wp-image-63\" srcset=\"https:\/\/taxi-bader.ch\/wp-content\/uploads\/2023\/05\/8.jpeg 768w, https:\/\/taxi-bader.ch\/wp-content\/uploads\/2023\/05\/8-225x300.jpeg 225w\" sizes=\"auto, (max-width: 768px) 100vw, 768px\" \/><\/figure>\n<\/figure>\n","protected":false},"excerpt":{"rendered":"<p>Qui Somme-Nous je suis un artisan taxi, sp\u00e9cialis\u00e9 en Taxi Normal et Taxi Handicap depuis plus de dix ans. Je peux intervenir en toute la Suisse et en particulier dans les r\u00e9gions de Neuchatel : Auvernier, Bevaix, Boudry, Chules, Cressier, Fresens, Gals, Le Chaux-de-Fonds, La t\u00e9ne, Le landeron, Marin-Epagnier, Milvigne, [&hellip;]<\/p>\n","protected":false},"author":1,"featured_media":0,"parent":0,"menu_order":0,"comment_status":"closed","ping_status":"closed","template":"","meta":{"footnotes":""},"class_list":["post-24","page","type-page","status-publish","hentry"],"_links":{"self":[{"href":"https:\/\/taxi-bader.ch\/index.php\/wp-json\/wp\/v2\/pages\/24","targetHints":{"allow":["GET"]}}],"collection":[{"href":"https:\/\/taxi-bader.ch\/index.php\/wp-json\/wp\/v2\/pages"}],"about":[{"href":"https:\/\/taxi-bader.ch\/index.php\/wp-json\/wp\/v2\/types\/page"}],"author":[{"embeddable":true,"href":"https:\/\/taxi-bader.ch\/index.php\/wp-json\/wp\/v2\/users\/1"}],"replies":[{"embeddable":true,"href":"https:\/\/taxi-bader.ch\/index.php\/wp-json\/wp\/v2\/comments?post=24"}],"version-history":[{"count":13,"href":"https:\/\/taxi-bader.ch\/index.php\/wp-json\/wp\/v2\/pages\/24\/revisions"}],"predecessor-version":[{"id":76,"href":"https:\/\/taxi-bader.ch\/index.php\/wp-json\/wp\/v2\/pages\/24\/revisions\/76"}],"wp:attachment":[{"href":"https:\/\/taxi-bader.ch\/index.php\/wp-json\/wp\/v2\/media?parent=24"}],"curies":[{"name":"wp","href":"https:\/\/api.w.org\/{rel}","templated":true}]}}

<figure class="wp-block-image size-large is-resized"><img loading="lazy" decoding="async" src="https://taxi-bader.ch/wp-content/uploads/2023/05/Taxi-image-1024x427.jpg" alt="" class="wp-image-35" width="1180" height="491" srcset="https://taxi-bader.ch/wp-content/uploads/2023/05/Taxi-image-1024x427.jpg 1024w, https://taxi-bader.ch/wp-content/uploads/2023/05/Taxi-image-300x125.jpg 300w, https://taxi-bader.ch/wp-content/uploads/2023/05/Taxi-image-768x320.jpg 768w, https://taxi-bader.ch/wp-content/uploads/2023/05/Taxi-image-1536x640.jpg 1536w, https://taxi-bader.ch/wp-content/uploads/2023/05/Taxi-image-2048x854.jpg 2048w" sizes="auto, (max-width: 1180px) 100vw, 1180px" /></figure>



<h2 class="wp-block-heading">Qui Somme-Nous</h2>



<p class="wp-block-paragraph">je suis un artisan taxi, spécialisé en Taxi Normal et Taxi Handicap depuis plus de dix ans. Je peux intervenir en toute la Suisse et en particulier dans les régions de Neuchatel : Auvernier, Bevaix, Boudry, Chules, Cressier, Fresens, Gals, Le Chaux-de-Fonds, La téne, Le landeron, Marin-Epagnier, Milvigne, Peseux, Saint-Aubain, Serrière, Thielle-wave, Val-de-Ruz, Val-de-traverz, Vaumarcus</p>



<h2 class="wp-block-heading">Nos Véhicules</h2>



<figure class="wp-block-gallery has-nested-images columns-default is-cropped wp-block-gallery-1 is-layout-flex wp-block-gallery-is-layout-flex">
<figure class="wp-block-image size-large"><img loading="lazy" decoding="async" width="768" height="1024" data-id="58" src="https://taxi-bader.ch/wp-content/uploads/2023/05/1.jpeg" alt="" class="wp-image-58" srcset="https://taxi-bader.ch/wp-content/uploads/2023/05/1.jpeg 768w, https://taxi-bader.ch/wp-content/uploads/2023/05/1-225x300.jpeg 225w" sizes="auto, (max-width: 768px) 100vw, 768px" /></figure>



<figure class="wp-block-image size-large"><img loading="lazy" decoding="async" width="768" height="1024" data-id="62" src="https://taxi-bader.ch/wp-content/uploads/2023/05/2.jpeg" alt="" class="wp-image-62" srcset="https://taxi-bader.ch/wp-content/uploads/2023/05/2.jpeg 768w, https://taxi-bader.ch/wp-content/uploads/2023/05/2-225x300.jpeg 225w" sizes="auto, (max-width: 768px) 100vw, 768px" /></figure>



<figure class="wp-block-image size-large"><img loading="lazy" decoding="async" width="768" height="1024" data-id="61" src="https://taxi-bader.ch/wp-content/uploads/2023/05/3.jpeg" alt="" class="wp-image-61" srcset="https://taxi-bader.ch/wp-content/uploads/2023/05/3.jpeg 768w, https://taxi-bader.ch/wp-content/uploads/2023/05/3-225x300.jpeg 225w" sizes="auto, (max-width: 768px) 100vw, 768px" /></figure>



<figure class="wp-block-image size-large"><img loading="lazy" decoding="async" width="1536" height="2048" data-id="59" src="https://taxi-bader.ch/wp-content/uploads/2023/05/4-768x1024.jpg" alt="" class="wp-image-59" srcset="https://taxi-bader.ch/wp-content/uploads/2023/05/4-768x1024.jpg 768w, https://taxi-bader.ch/wp-content/uploads/2023/05/4-225x300.jpg 225w, https://taxi-bader.ch/wp-content/uploads/2023/05/4-1152x1536.jpg 1152w, https://taxi-bader.ch/wp-content/uploads/2023/05/4.jpg 1536w" sizes="auto, (max-width: 1536px) 100vw, 1536px" /></figure>



<figure class="wp-block-image size-large"><img loading="lazy" decoding="async" width="768" height="1024" data-id="60" src="https://taxi-bader.ch/wp-content/uploads/2023/05/5-768x1024.jpg" alt="" class="wp-image-60" srcset="https://taxi-bader.ch/wp-content/uploads/2023/05/5-768x1024.jpg 768w, https://taxi-bader.ch/wp-content/uploads/2023/05/5-225x300.jpg 225w, https://taxi-bader.ch/wp-content/uploads/2023/05/5-1152x1536.jpg 1152w, https://taxi-bader.ch/wp-content/uploads/2023/05/5.jpg 1536w" sizes="auto, (max-width: 768px) 100vw, 768px" /></figure>



<figure class="wp-block-image size-large"><img loading="lazy" decoding="async" width="768" height="1024" data-id="64" src="https://taxi-bader.ch/wp-content/uploads/2023/05/6-768x1024.jpg" alt="" class="wp-image-64" srcset="https://taxi-bader.ch/wp-content/uploads/2023/05/6-768x1024.jpg 768w, https://taxi-bader.ch/wp-content/uploads/2023/05/6-225x300.jpg 225w, https://taxi-bader.ch/wp-content/uploads/2023/05/6-1152x1536.jpg 1152w, https://taxi-bader.ch/wp-content/uploads/2023/05/6.jpg 1536w" sizes="auto, (max-width: 768px) 100vw, 768px" /></figure>



<figure class="wp-block-image size-large"><img loading="lazy" decoding="async" width="768" height="1024" data-id="65" src="https://taxi-bader.ch/wp-content/uploads/2023/05/7-768x1024.jpg" alt="" class="wp-image-65" srcset="https://taxi-bader.ch/wp-content/uploads/2023/05/7-768x1024.jpg 768w, https://taxi-bader.ch/wp-content/uploads/2023/05/7-225x300.jpg 225w, https://taxi-bader.ch/wp-content/uploads/2023/05/7-1152x1536.jpg 1152w, https://taxi-bader.ch/wp-content/uploads/2023/05/7.jpg 1536w" sizes="auto, (max-width: 768px) 100vw, 768px" /></figure>



<figure class="wp-block-image size-large"><img loading="lazy" decoding="async" width="768" height="1024" data-id="63" src="https://taxi-bader.ch/wp-content/uploads/2023/05/8.jpeg" alt="" class="wp-image-63" srcset="https://taxi-bader.ch/wp-content/uploads/2023/05/8.jpeg 768w, https://taxi-bader.ch/wp-content/uploads/2023/05/8-225x300.jpeg 225w" sizes="auto, (max-width: 768px) 100vw, 768px" /></figure>
</figure>

<p>Qui Somme-Nous je suis un artisan taxi, spécialisé en Taxi Normal et Taxi Handicap depuis plus de dix ans. Je peux intervenir en toute la Suisse et en particulier dans les régions de Neuchatel : Auvernier, Bevaix, Boudry, Chules, Cressier, Fresens, Gals, Le Chaux-de-Fonds, La téne, Le landeron, Marin-Epagnier, Milvigne, [&hellip;]</p>
